ed by g.
8
Suppose 2*r = -n + 75, -n + 4*r + 5 = -94. What is the remainder when n is divided by 28?
27
What is the remainder when (-14)/(-28) + 137/2 is divided by 18?
15
Suppose 3 = 3*w - 0. Let b be ((-85)/(-10))/(w/(-6)). Let z = -35 - b. Calculate the remainder when 30 is divided by z.
14
Let u(i) = 5*i - 3. Suppose j = -0*j. Suppose j*h - h = -32. What is the remainder when h is divided by u(4)?
15
Let l be (-4)/8*(-1 + -9). Calculate the remainder when -1 - ((-2)/(-1))/(-1) is divided by 2/7 - l/(-7).
0
Suppose 9*t = 7*t + 24. What is the remainder when 45 is divided by t?
9
Calculate the remainder when 73 is divided by 5 - 5 - -5*3.
13
Let g(t) = t**2 + 4*t - 13. What is the remainder when g(-9) is divided by 12?
8
Let h(z) = z**2. What is the remainder when h(3) is divided by 5?
4
Calculate the remainder when (55/(-20))/((-2)/48) is divided by 17.
15
Suppose -4*n + 0*p + 4*p + 104 = 0, n - 26 = -4*p. Calculate the remainder when 103 is divided by n.
25
Let b(p) = 2*p**3 + p**2 - 5*p + 6. What is the remainder when 30 is divided by b(2)?
14
Let b be -183 - (-3)/((-9)/6). Let g be (-4)/14 - b/35. Suppose -g*c = -c - 16. Calculate the remainder when 14 is divided by c.
2
Let j(i) = i**3 - 6*i**2 - 7*i. Let s be j(7). Suppose -4*o + 2*o + 16 = s. What is the remainder when 13 is divided by o?
5
Let s(g) = 36*g**2 - g. Let p be s(1). Let x = p - -24. Calculate the remainder when x is divided by 15.
14
Let j = -3 + 18. Let m = j + 9. Calculate the remainder when 45 is divided by m.
21
Suppose 0 = -3*k + 6*k - 21. What is the remainder when k is divided by 3?
1
Let f be 8*(8/(-4) + 14). What is the remainder when 30 is divided by 10/(-4)*f/(-30)?
6
Suppose 4*p + 9 + 51 = -2*v, 2*p - 4*v = -20. Let w(r) = -r**3 + 3*r**2. Calculate the remainder when w(2) is divided by (-38)/p + 6/21.
1
Let u(j) = -j**3 + 3*j**2 + 3*j + 2. Let l be u(4). Let f = l - -11. Calculate the remainder when 25 is divided by f.
7
Let m(w) = -2*w**3 + 2*w**2 - 1. Let o be m(-1). Suppose -96 = -o*k - 0*k. Suppose k = 5*r - 4*r. What is the remainder when r is divided by 17?
15
Let m = 8 + -5. Suppose 4*v - 10 = m*v. What is the remainder when v is divided by 4?
2
What is the remainder when 58 is divided by 193/13 - 26/(-169)?
13
Suppose -2*h - 2*r = -0*r - 10, 3*h + 1 = r. Suppose 14 = 4*d - 2*l, 2*d + 4*l + h = d. What is the remainder when 5 is divided by d?
2
Let x be (-16)/6*(-15)/10. Let t be x/((2 - 2) + 1). Suppose 5*y - 4*f - 12 - 8 = 0, 4*y - 52 = -t*f. Calculate the remainder when 15 is divided by y.
7
Suppose 40 = p + 3*p. Calculate the remainder when p is divided by (-152)/(-26) - 4/(-26).
4
Let d(r) = -9*r - 4. Calculate the remainder when 24 is divided by d(-2).
10
Let o(u) be the first derivative of u - 1/2*u**2 + 1. What is the remainder when o(-8) is divided by 5?
4
Let y(g) = 5*g**2 + 4*g + 3. Let p = 4 - 6. What is the remainder when 29 is divided by y(p)?
14
Let j be (1 + -2 + 1)/(-1). Suppose j = -3*a + l + 26 - 4, -2*l - 2 = 0. Let c = a + 3. Calculate the remainder when c is divided by 6.
4
Let v(b) = -b**3 + 7*b**2 - 2*b + 8. Let m be v(8). What is the remainder when 39 is divided by 4/(-10) - m/5?
11
Let g(s) = s**3 - 3*s**2 - 2*s + 4. Suppose 5*j - 6*j + 4 = 0. Calculate the remainder when 23 is divided by g(j).
11
Suppose 6*t = 5*t + 18. Calculate the remainder when t is divided by 5.
3
Let v = 20 - 12. Let t = -8 - -2. Let z = v + t. What is the remainder when 5 is divided by z?
1
Suppose 2*v + 3*i = 40, 2*v + 5*i = i + 38. Suppose 3*p - 5*o - 24 = 2*p, 0 = -5*p + 2*o + 166. Let c = p - v. What is the remainder when 21 is divided by c?
10
Let w(v) = v**2 - 3*v - 4. Calculate the remainder when 4/22 + 870/55 is divided by w(-2).
4
Suppose 97 = 4*p + 2*f + 3*f, 0 = -5*p + 2*f + 80. Suppose 5*j - 5*t + 18 + 2 = 0, j + 10 = -2*t. What is the remainder when p is divided by (j/9)/((-1)/15)?
8
Let m(g) = 3*g - 9. Let y(w) = w**2 + 3*w - 3. Let s be y(2). What is the remainder when ((-23)/3)/(3/(-18)) is divided by m(s)?
10
Let w = 2 + -1. Suppose -1 - 8 = -g. Calculate the remainder when w/(2/48) - -1 is divided by g.
7
Suppose g + 2 = 0, -f + 2*g = -0*f - 109. Calculate the remainder when f is divided by 22.
17
What is the remainder when 22 is divided by 12 - (-2 + 3 - 1)?
10
Suppose 0 = -2*u - 14 + 2. Let t(q) = -q**2 - 6*q + 2. Let j = 3 + -2. Calculate the remainder when t(u) is divided by j.
0
Suppose 4*p - 2*p = 4*j + 22, 0 = 2*j - 6. Let v(n) = n + 4. What is the remainder when p is divided by v(6)?
7
Let b = 0 - -2. Suppose 0 = 2*n - 10 + 2, 4*i + 3*n - 16 = 0. What is the remainder when b is divided by i?
0
Let x be -2 + (-5*4)/2. Let q = -3 - x. What is the remainder when ((-15)/6)/(1/(-10)) is divided by q?
7
Let k = 25 + -15. Let i(g) = -2*g**2 + 22*g + 8. What is the remainder when i(10) is divided by k?
8
Let m be (-630)/((-9)/3) - 0. Suppose -6*i = -i - m. Suppose -5*g + 47 = -2*k, 0*g - 3*k + i = 5*g. What is the remainder when 17 is divided by g?
8
Let u(x) = 2*x**2 - 8*x + 3. What is the remainder when 23 is divided by u(5)?
10
Let c(n) = n + 1. Calculate the remainder when 18 is divided by c(3).
2
Suppose 5*f - y + 2*y - 2465 = 0, 5*y - 1457 = -3*f. Let m = -352 + f. What is the remainder when 51 is divided by m/8 + 2/8?
15
Suppose 0 = 4*z - 2*z - 152. Calculate the remainder when z is divided by 16.
12
Suppose -6 = -c - 3*n + 5, -4*c + n = 8. What is the remainder when 11 is divided by 9 - (0 - 3)*c?
5
Let f = 0 - 5. Let m(v) = 3*v - 6. Let y(z) = 5*z - 12. Let p(k) = -7*m(k) + 3*y(k). Calculate the remainder when p(f) is divided by 19.
17
Calculate the remainder when (-10)/(-2) + (8 - 9) is divided by 3.
1
Calculate the remainder when 9 is divided by (-4)/2 + -2 + 6.
1
Let a = -67 - -86. Calculate the remainder when 94 is divided by a.
18
Suppose 2*r + 2*p - 425 = 7*p, 0 = -2*r - 2*p + 404. Suppose -3*t = r - 31. Let q = -26 - t. Calculate the remainder when q is divided by 11.
10
Suppose t + 18 = 3*t + 2*x, -5*x = -5*t - 5. Suppose -u = -4*d - 12, 4*u + t*d - 10 = d. Suppose u*c = c + 219. What is the remainder when c is divided by 25?
23
Suppose -5*j - 5*y + 90 = 0, -6*y = -3*j - y + 54. What is the remainder when j is divided by 4?
2
Let p = 128 - 114. What is the remainder when 39 is divided by p?
11
Suppose -5*l + 4*l = -3. Let w(t) = -t**2 + 7*t - 2. Calculate the remainder when 37 is divided by w(l).
7
Let s = 27 + -14. What is the remainder when 36 is divided by s?
10
Suppose 2*q = -2*v - q - 27, -q = 2*v + 21. What is the remainder when (-63)/(-2) + (-1)/2 is divided by 1/((v/3)/(-33))?
9
Let o(n) = -13*n - 6. Calculate the remainder when o(-3) is divided by 13.
7
What is the remainder when (8/(-20))/2 + (-432)/(-10) is divided by 12?
7
Suppose 0*i - 4 = 4*i. Let v = i + 6. Suppose -v*h + 9 + 11 = 0. What is the remainder when 11 is divided by h?
3
Let p = 7 + -2. Let l = 46 - 7. Suppose 3*r = l - 15. Calculate the remainder when r is divided by p.
3
What is the remainder when 220/8 + 2/(-4) is divided by ((-30)/8)/(3/(-8))?
7
Suppose d - 14 + 0 = 0. Calculate the remainder when 54 is divided by d.
12
Let r = -11 + 17. Let u(o) be the second derivative of o**4/6 - o**3/2 + o**2/2 - 2*o. What is the remainder when u(3) is divided by r?
4
Let g(r) = -r - 12. Let z be g(-13). Calculate the remainder when 4 is divided by (-4)/(12/(-9)*z).
1
Let s(i) = 6*i**2 + 3*i + 3. What is the remainder when 27 is divided by s(-1)?
3
Let u(d) = -d**3 + 12*d**2 + d - 3. Calculate the remainder when 71 is divided by u(12).
8
Let f be (-1 + 4)*2/3. Suppose -f*m = 5*o - 69, 2*m + 36 = o + o. What is the remainder when 28 is divided by o?
13
Suppose 0*u + 494 = 3*u - 2*l, 499 = 3*u - l. Calculate the remainder when u is divided by 34.
32
Calculate the remainder when (7 - 4) + (-3 - -75) is divided by 19.
18
Let y(q) = 2*q**3 + 10*q**2 + 2*q + 5. Calculate the remainder when y(-4) is divided by 10.
9
Let c = 10 - 7. Let u(h) = h**2 + 2*h**3 - 3*h**c - 1 - 7*h - 7*h**2 + 2. Calculate the remainder when u(-6) is divided by 11.
10
Suppose 2*q = 6, 5*k - 5*q = -10*q + 65. Calculate the remainder when 27 is divided by k.
7
What is the remainder when 63 is divided by (16/6)/((-12)/(-144))?
31
Let s(y) = -y**3 + 10*y**2 + 25*y - 10. Calculate th